 List the prime factors of m.
7, 37
Let l(s) = 12*s - 2 - 11*s**2 - 2*s + 10*s**2. Let i be l(10). What are the prime factors of 38/(-4)*i/1?
19
Let r be (5/3)/(25/30). What are the prime factors of 0*1/(-8) + 508/r?
2, 127
Let h(s) = s**2 - 4*s + 7. List the prime factors of h(14).
3, 7
Let w(f) = 2*f**2 - 19*f - 381. List the prime factors of w(29).
2, 3, 5
Let k(p) = 2*p**2 + 2. Let s be k(-3). Let r(f) = -4*f**3 + f**2 + f. Let z be r(-1). Suppose -5*a + s = 0, n - 5*a + 83 = z*n. List the prime factors of n.
3, 7
Suppose 2*u + 2*z - 1280 = 0, -4*u = 5*z - 2381 - 184. What are the prime factors of u?
5, 127
Suppose -4*w + 880 = -1668. List the prime factors of w.
7, 13
Suppose -5*l = 2*h + 80, -2*l = -5*l + 2*h - 64. Let d = 28 + l. Suppose -d*t + 8*t = -94. List the prime factors of t.
47
Let b(u) = 41*u - 138. List the prime factors of b(16).
2, 7, 37
Suppose -3*v + 5*u + 65 = v, 5*u = -5. Let w be 4/(-10) + 81/v. Suppose 10*z + 3 = k + 5*z, -3*z - 125 = -w*k. What are the prime factors of k?
2, 7
Suppose -2*w - 2*i + 12 = -7*i, -3*w - 2*i = 1. List the prime factors of (-1)/(w + 12/(-8)) + 64.
2, 3, 11
Let t be ((-5)/(20/8))/(-2). Let g(s) = 3*s + 6. What are the prime factors of g(t)?
3
Let d be (-4)/(2 + (-16)/7). Let s = 28 - d. List the prime factors of s.
2, 7
Let i(o) = -54*o + 48. List the prime factors of i(-14).
2, 3, 67
Let n = 498 - 0. What are the prime factors of n?
2, 3, 83
Suppose 9506 - 2658 = 16*i. What are the prime factors of i?
2, 107
Suppose 29*a - 3198 = 7764. What are the prime factors of a?
2, 3, 7
Let k be 1 - (-7)/(14/(-52)). Let q = -14 - k. Suppose -5*g + q = -4*g. List the prime factors of g.
11
Let a(r) = 5*r. Let h be a(1). Let f be (24/h)/((-5)/(-25)). List the prime factors of ((-30)/24)/((-1)/f).
2, 3, 5
Let j(q) be the second derivative of 0 + 4*q + 3/2*q**2 + 1/12*q**4 - 1/2*q**3. What are the prime factors of j(6)?
3, 7
Let y(u) = 742*u**2 - 9*u - 8. List the prime factors of y(-1).
743
Let j(x) be the first derivative of -x**2/2 + 2*x - 1. Let o be (-80)/25*5*1. List the prime factors of j(o).
2, 3
Let i(y) = y**3 + y + 35. Let s be i(0). Let a = 37 - s. Suppose 5*d + 2*h = 325, -d - 5*h = a*d - 176. List the prime factors of d.
67
Let s = 67 - 57. What are the prime factors of ((18/s)/(-1))/((-5)/475)?
3, 19
Suppose 24*g - 11*g = 13390. What are the prime factors of g?
2, 5, 103
Suppose -2*l - 2*d + 3782 = -4*d, 5*l - 2*d = 9467. List the prime factors of l.
5, 379
Suppose -6 = -i - i. Suppose 2*n - 3*l + i = 0, 3*n + 3*l - 11 = 7. List the prime factors of (28 - 2) + (-3)/n.
5
Let x = 842 + -764. What are the prime factors of x?
2, 3, 13
Let i(q) = -3*q**3 + q**2 + 2*q + 1. Let c be i(-1). Suppose -3 = -c*y + 2*y. List the prime factors of 8 + (-6)/(9/y).
2, 3
Suppose 1074 = 2*f + f. Let u = 198 - 193. Suppose 0 = p - 5, -4*p + 88 = -u*r + f. List the prime factors of r.
2, 29
Let d be -4 + 1 - 9/(-3). Suppose -5*w + 477 = y, d*y - 3*y + 291 = 3*w. Suppose -w + 23 = -2*k. What are the prime factors of k?
2, 3
Let t(f) = 3*f - 12. Let o be t(5). Let v be (-1)/o - 198/(-27). List the prime factors of (v/4)/(14/56).
7
Let f(o) = -o**3 - 4*o**2 + 2*o - 31. What are the prime factors of f(-11)?
2, 397
Suppose t - 79 = 960. Suppose 11*a = t + 545. List the prime factors of a.
2, 3
Let w(i) = -i**3 + 4*i**2 + 7*i - 2. Let k be w(5). Let l(f) = f**2 - 19*f - 2. Let v be l(k). What are the prime factors of 3 - (-8)/((-16)/v)?
2, 3
Let u = 58 - 42. What are the prime factors of (60/u + -3)/(2/432)?
2, 3
Suppose -8*q + 377 + 3847 = 0. What are the prime factors of q?
2, 3, 11
Let q = 1023 - 950. What are the prime factors of q?
73
List the prime factors of 6 + (-15746)/(-8) + 165/(-132).
1973
Let t = 2105 - 100. List the prime factors of t.
5, 401
Let k(x) = 27*x - 44. List the prime factors of k(17).
5, 83
Suppose 132 = 19*g - 15*g - 4*v, -5*g + 157 = -v. List the prime factors of g.
31
Suppose m + 1245 = p, p - 1245 = -0*p - 5*m. List the prime factors of p.
3, 5, 83
Suppose -19*l + 17804 = -7865. List the prime factors of l.
7, 193
Suppose 2*w + 5*a - 1986 = 9*a, 20 = -4*a. List the prime factors of w.
983
Let m = -7 + 29. Let z = 2 + m. Suppose -3*b + z = -0*b. List the prime factors of b.
2
Suppose -3*x - 3930 = -14433. List the prime factors of x.
3, 389
Suppose 0 = 17*g - 3751 - 958. List the prime factors of g.
277
Suppose -r = 4*m - 47, -4*r - 3*m + 6*m = -93. What are the prime factors of r?
3
Let m = 958 + 215. What are the prime factors of m?
3, 17, 23
Suppose 5*b + 32*b - 18389 = 0. List the prime factors of b.
7, 71
Suppose 2*v = -7*v + 18. Suppose 0 = 7*y - v*y - 70. List the prime factors of y.
2, 7
Let i(x) = -15*x**2 - 3*x - 11. Let o(p) = -8*p**2 - p - 6. Let k(r) = -3*i(r) + 5*o(r). What are the prime factors of k(5)?
2, 37
Let n be ((41*-2)/1)/2. Let b = n - -130. What are the prime factors of b?
89
Let z(a) = 81*a - 20. What are the prime factors of z(12)?
2, 7, 17
Suppose 40 + 0 = 5*u. List the prime factors of (-514)/(-6) + u/24.
2, 43
Let k(t) = -t**3 - 4*t**2 + 33*t + 94. List the prime factors of k(-13).
2, 593
Suppose -216 = -3*r - 72. Let g be 0 + 209 + -7 + 3. Suppose 5*z + 4*i = g, -2*z + 5*i - r + 130 = 0. What are the prime factors of z?
41
Let k be -70 + 4/2 + -1. Let p = k - -124. Suppose -w = -6*w + p. What are the prime factors of w?
11
Let l(x) = -10*x**3 - 70*x**2 - 3*x. List the prime factors of l(-9).
3, 61
Let l be -2*6/4 + 4. Let r = l - -37. List the prime factors of r.
2, 19
Suppose -2*b = 2*x - 4, b + 0*x = 3*x - 6. Let s = b + 4. Suppose s*n = 59 + 61. What are the prime factors of n?
2, 3, 5
Suppose -13 = 4*x - 9. What are the prime factors of 32 + x - (-12 - -9)?
2, 17
Suppose n + 5*z - 803 = 0, 0 = 2*n + z + z - 1630. What are the prime factors of n?
2, 409
What are the prime factors of (150/200)/(3/3004)?
751
Suppose 2*b - 5 - 5 = 2*v, b - 3*v = 13. Let f = 5 - b. Let n(r) = -r**3 + 6*r**2 - 3*r - 2. What are the prime factors of n(f)?
2, 3
Let g(r) = r + 8. Let m be g(-4). What are the prime factors of (-2 - 10/m)/((-7)/42)?
3
Let p(o) = 34*o + 67. List the prime factors of p(15).
577
Let k = -200 - -630. Suppose -3*w = 4*l - k, -1 + 26 = -5*l. What are the prime factors of w?
2, 3, 5
Let a(y) = -y**3 + 2 - 8 - y - 10*y**2 - 4*y - 5*y. Let r be a(-9). Suppose 0 = r*o + 5*m - 235 + 63, 5*m + 73 = 2*o. What are the prime factors of o?
7
Let h = -188 + 265. Let d = h - -100. What are the prime factors of d?
3, 59
Let i be 35/5*((2 - -1) + -12). Let d = 8 - i. List the prime factors of d.
71
Let v = 231 - 107. List the prime factors of v.
2, 31
Suppose -4*t + 7104 = t - r, -2*t - 4*r + 2824 = 0. What are the prime factors of t?
2, 5, 71
Let l = -26 + 26. Suppose -5*m + j + 261 = l, 2*j - 24 - 26 = -m. List the prime factors of m.
2, 13
Suppose 0 = -17*g - 4*g + 17766. List the prime factors of g.
2, 3, 47
Let n(x) be the second derivative of -x**5/2 + x**4/12 - x**2/2 - 5*x. Suppose 5*w + 6 = 1. List the prime factors of n(w).
2, 5
Suppose 34*u = 33*u + 1372. What are the prime factors of 2/(-10) + (u/35 - -8)?
47
Suppose a = -g + 159, a + 2*a = -2*g + 474. Suppose -2*t + 300 = -4*d - a, t - 212 = -2*d. List the prime factors of t.
2, 5, 11
Let z(c) = -10*c**3 + 4*c**2 + 5*c - 2. List the prime factors of z(-4).
2, 11, 31
Suppose -p + 26 = -4*w, 0*p = -p + 2. Let k(v) = 3*v + 1 + 4*v + 2 + 0 - 4*v**2 - v**3. What are the prime factors of k(w)?
3, 11
Let d = -38 - -38. Suppose d = -3*o + 2*q + 287, -5*o + 5*q + 67 + 403 = 0. List the prime factors of o.
3, 11
Let l(m) = -2*m**2 - 115*m - 84. What are the prime factors of l(-49)?
7, 107
Suppose -m + 3*t + 1048 = -96, -2*m + 2296 = -4*t. List the prime factors of m.
2, 17
Let h(y) = -2*y**2 + 18*y + 2. Let r be h(9). Suppose 269 = 4*u + s - 6*s, -4*u = r*s - 234. List the prime factors of u.
61
Suppose -8*i + 1296 = -26*i. List the prime factors of (-636)/i + 1/6.
3
Suppose -33*s + 2820 = -29*s. List the prime factors of s.
3, 5, 47
Suppose 6*s - 50 = 3*s - 2*g, 0 = 3*s - 2*g - 46. Let p = s - 24. List the prime factors of p/(-28) - 117/(-7).
17
Suppose 5*g = -3*x - 198, -x = 5*g + x + 202. Let b = -40 - g. What are the prime factors of b?
2
Let i = 32 - 11. Suppose -i*g + 256 = -17*g. List the prime factors 